en 38285 is divided by 238?
205
What is the remainder when 23263 is divided by 33?
31
Calculate the remainder when 6910 is divided by 324.
106
Calculate the remainder when 24198 is divided by 189.
6
What is the remainder when 206627 is divided by 49?
43
What is the remainder when 5861 is divided by 91?
37
Calculate the remainder when 5731 is divided by 155.
151
What is the remainder when 1048764 is divided by 645?
639
Calculate the remainder when 14412316 is divided by 169.
165
Calculate the remainder when 11788 is divided by 3907.
67
What is the remainder when 20940 is divided by 10390?
160
Calculate the remainder when 22539 is divided by 31.
2
What is the remainder when 25691 is divided by 12?
11
What is the remainder when 41139 is divided by 355?
314
What is the remainder when 42067 is divided by 14?
11
What is the remainder when 5058 is divided by 717?
39
Calculate the remainder when 17614 is divided by 392.
366
What is the remainder when 269172 is divided by 5?
2
What is the remainder when 537611 is divided by 65?
61
Calculate the remainder when 2892 is divided by 2592.
300
What is the remainder when 115985 is divided by 446?
25
Calculate the remainder when 127004 is divided by 1809.
374
Calculate the remainder when 24508 is divided by 845.
3
Calculate the remainder when 34956 is divided by 8699.
160
Calculate the remainder when 3987 is divided by 429.
126
What is the remainder when 21778 is divided by 64?
18
Calculate the remainder when 8244 is divided by 2035.
104
Calculate the remainder when 47373 is divided by 47.
44
What is the remainder when 4769 is divided by 1188?
17
What is the remainder when 326392 is divided by 125?
17
What is the remainder when 31473 is divided by 15731?
11
Calculate the remainder when 152336 is divided by 50771.
23
Calculate the remainder when 6620 is divided by 87.
8
Calculate the remainder when 5016 is divided by 4112.
904
Calculate the remainder when 546571 is divided by 299.
298
Calculate the remainder when 11050 is divided by 18.
16
What is the remainder when 13653 is divided by 77?
24
Calculate the remainder when 35062 is divided by 403.
1
What is the remainder when 192723 is divided by 42?
27
What is the remainder when 1613 is divided by 833?
780
What is the remainder when 209604 is divided by 510?
504
Calculate the remainder when 78574 is divided by 19641.
10
Calculate the remainder when 28237 is divided by 7050.
37
Calculate the remainder when 53601 is divided by 10718.
11
What is the remainder when 427902 is divided by 422?
416
Calculate the remainder when 7203 is divided by 28.
7
Calculate the remainder when 1377 is divided by 657.
63
Calculate the remainder when 19089 is divided by 501.
51
What is the remainder when 1754 is divided by 199?
162
Calculate the remainder when 114283 is divided by 250.
33
What is the remainder when 585 is divided by 390?
195
What is the remainder when 2183 is divided by 1020?
143
Calculate the remainder when 1160661 is divided by 50.
11
What is the remainder when 15399 is divided by 13?
7
What is the remainder when 54375 is divided by 87?
0
Calculate the remainder when 19841 is divided by 35.
31
Calculate the remainder when 2680 is divided by 354.
202
What is the remainder when 576 is divided by 252?
72
Calculate the remainder when 334116 is divided by 206.
190
Calculate the remainder when 230728 is divided by 179.
176
What is the remainder when 1478 is divided by 165?
158
Calculate the remainder when 344689 is divided by 1532.
1521
What is the remainder when 3616 is divided by 241?
1
Calculate the remainder when 1067 is divided by 176.
11
Calculate the remainder when 528 is divided by 20.
8
Calculate the remainder when 214318 is divided by 119.
118
Calculate the remainder when 1038378 is divided by 28.
26
Calculate the remainder when 3551 is divided by 1764.
23
What is the remainder when 308 is divided by 135?
38
Calculate the remainder when 446875 is divided by 588.
583
What is the remainder when 221160 is divided by 99?
93
Calculate the remainder when 5289460 is divided by 206.
204
Calculate the remainder when 16335 is divided by 51.
15
What is the remainder when 21957 is divided by 6?
3
Calculate the remainder when 82711 is divided by 3181.
5
Calculate the remainder when 282086 is divided by 48.
38
What is the remainder when 1885 is divided by 902?
81
What is the remainder when 3450 is divided by 230?
0
Calculate the remainder when 4659 is divided by 2329.
1
Calculate the remainder when 5784 is divided by 486.
438
Calculate the remainder when 174349 is divided by 52.
45
Calculate the remainder when 33695 is divided by 48.
47
What is the remainder when 76442 is divided by 22?
14
What is the remainder when 6538 is divided by 2669?
1200
What is the remainder when 475496 is divided by 297?
296
Calculate the remainder when 36608 is divided by 431.
404
Calculate the remainder when 17197 is divided by 1261.
804
What is the remainder when 1669847 is divided by 50?
47
Calculate the remainder when 63248 is divided by 21.
17
What is the remainder when 5675 is divided by 284?
279
What is the remainder when 1847927 is divided by 74?
73
What is the remainder when 7629 is divided by 14?
13
What is the remainder when 43795 is divided by 7256?
259
What is the remainder when 18516 is divided by 27?
21
Calculate the remainder when 995 is divided by 207.
167
What is the remainder when 11829 is divided by 1680?
69
What is the remainder when 13123 is divided by 13062?
61
Calculate the remainder when 27711 is divided by 59.
40
What is the remainder when 5833 is divided by 171?
19
What is the remainder when 737259 is divided by 246?
243
What is the remainder when 4264 is divided by 754?
494
What is the remainder when 545 is divided by 184?
177
Calculate the remainder when 155997 is divided by 250.
247
What is the remainder when 452 is divided by 156?
140
Calculate the remainder when 3925 is divided by 1275.
100
Calculate the remainder when 25332 is divided by 53.
51
What is the remainder when 19130 is divided by 4678?
418
What is the remainder when 58556 is divided by 19?
17
Calculate the remainder when 57495 is divided by 340.
35
Calculate the remainder when 6307 is divided by 161.
28
What is the remainder when 54806 is divided by 270?
266
What is the remainder when 1426 is divided by 64?
18
Calculate the remainder when 5076 is divided by 570.
516
What is the remainder when 259 is divided by 28?
7
Calculate the remainder when 74460 is divided by 16.
12
Calculate the remainder when 686 is divided by 678.
8
Calculate the remainder when 89087 is divided by 301.
292
Calculate the remainder when 84086 is divided by 98.
2
What is the remainder when 9008 is divided by 130?
38
Calculate the remainder when 32368 is divided by 228.
220
Calculate the remainder when 8381 is divided by 1394.
17
Calculate the remainder when 4695 is divided by 29.
26
Calculate the remainder when 2462 is divided by 609.
26
What is the remainder when 102445 is divided by 8?
5
What is the remainder when 5870 is divided by 33?
29
Calculate the remainder when 509115 is divided by 14.
5
Calculate the remainder when 1146309 is divided by 1601.
1594
Calculate the remainder when 1690498 is divided by 966.
964
What is the remainder when 26088 is divided by 253?
29
What is the remainder when 2919 is divided by 104?
7
What is the remainder when 15553 is divided by 1099?
167
Calculate the remainder when 250933 is divided by 10037.
8
What is the remainder when 6690 is divided by 80?
50
Calculate the remainder when 34519 is divided by 135.
94
Calculate the remainder when 17569 is divided by 25.
19
What is the remainder when 632 is divided by 77?
16
What is the remainder when 20905 is divided by 653?
9
Calculate the remainder when 4011 is divided by 28.
7
Calculate the remainder when 119762 is divided by 54.
44
Calculate the remainder when 6287 is divided by 5142.
1145
What is the remainder when 1090 is divided by 87?
46
What is the remainder when 3885 is divided by 347?
68
Calculate the remainder when 106631 is divided by 161.
49
Calculate the remainder when 16713 is divided by 2781.
27
Calculate the remainder when 6641 is divided by 3219.
203
Calculate the remainder when 157579 is divided by 52524.
7
Calculate the remainder whe